 (base 8) in base 5?
-12
-2 (base 7) to base 15
-2
What is -12 (base 5) in base 14?
-7
What is 47 (base 13) in base 12?
4b
Convert -7 (base 16) to base 15.
-7
Convert 5 (base 14) to base 5.
10
What is -1010111 (base 2) in base 15?
-5c
What is 60 (base 10) in base 16?
3c
What is -1012 (base 3) in base 12?
-28
What is 0 (base 4) in base 9?
0
Convert -1 (base 16) to base 2.
-1
Convert -66 (base 8) to base 10.
-54
-46 (base 9) to base 12
-36
Convert 2 (base 7) to base 9.
2
Convert -bd (base 15) to base 5.
-1203
3 (base 12) to base 6
3
Convert 21 (base 7) to base 4.
33
What is 133 (base 7) in base 11?
67
Convert -2 (base 5) to base 14.
-2
What is 47 (base 8) in base 5?
124
15 (base 8) to base 9
14
Convert -2 (base 13) to base 15.
-2
Convert -41 (base 10) to base 9.
-45
-b (base 13) to base 9
-12
Convert 55 (base 9) to base 15.
35
30 (base 4) to base 6
20
Convert 335 (base 9) to base 8.
423
What is 10 (base 6) in base 5?
11
Convert 12e (base 15) to base 11.
225
Convert 24 (base 5) to base 11.
13
-101 (base 12) to base 11
-122
Convert 38 (base 9) to base 11.
32
Convert -27 (base 8) to base 9.
-25
1b (base 13) to base 5
44
1 (base 16) to base 9
1
-5 (base 10) to base 2
-101
Convert 3d (base 14) to base 7.
106
410 (base 5) to base 2
1101001
-202 (base 3) to base 10
-20
Convert 10 (base 2) to base 5.
2
Convert 30 (base 10) to base 13.
24
What is 14 (base 9) in base 14?
d
Convert 1000 (base 3) to base 2.
11011
Convert 16 (base 7) to base 9.
14
10 (base 2) to base 15
2
Convert 36 (base 8) to base 13.
24
Convert 23 (base 6) to base 11.
14
-143 (base 5) to base 2
-110000
Convert 1012 (base 4) to base 15.
4a
What is 11 (base 7) in base 9?
8
Convert 2 (base 8) to base 7.
2
Convert -5 (base 12) to base 10.
-5
What is 20 (base 14) in base 6?
44
What is -4 (base 11) in base 8?
-4
What is -48 (base 10) in base 6?
-120
-10000 (base 3) to base 9
-100
What is 124 (base 10) in base 7?
235
What is -1151 (base 6) in base 4?
-10123
Convert 0 (base 15) to base 9.
0
Convert 89 (base 13) to base 12.
95
What is 1010 (base 4) in base 8?
104
What is 411 (base 7) in base 14?
108
What is 7 (base 16) in base 14?
7
What is -13 (base 12) in base 15?
-10
Convert 61 (base 9) to base 13.
43
What is 122 (base 3) in base 9?
18
Convert 2202 (base 3) to base 16.
4a
-10 (base 5) to base 10
-5
Convert -25 (base 7) to base 8.
-23
-12 (base 9) to base 11
-10
What is -44 (base 12) in base 10?
-52
11 (base 2) to base 14
3
-7 (base 13) to base 11
-7
What is -8 (base 11) in base 15?
-8
Convert 111 (base 3) to base 14.
d
Convert 8 (base 16) to base 8.
10
Convert 115 (base 6) to base 4.
233
What is -3 (base 7) in base 4?
-3
What is 2 (base 12) in base 16?
2
Convert -21 (base 3) to base 12.
-7
What is -4 (base 9) in base 6?
-4
What is 9 (base 11) in base 2?
1001
Convert 5 (base 16) to base 3.
12
Convert -8 (base 16) to base 15.
-8
Convert -10 (base 10) to base 3.
-101
Convert -4 (base 14) to base 13.
-4
What is 3b (base 12) in base 16?
2f
Convert 133 (base 7) to base 3.
2201
-25 (base 12) to base 13
-23
35 (base 14) to base 2
101111
What is -13 (base 7) in base 8?
-12
7 (base 11) to base 12
7
164 (base 12) to base 11
190
Convert 4 (base 13) to base 16.
4
2 (base 5) to base 3
2
Convert 15 (base 14) to base 6.
31
What is -23 (base 8) in base 15?
-14
Convert 31 (base 5) to base 12.
14
Convert -2 (base 16) to base 6.
-2
What is -31 (base 5) in base 11?
-15
What is -23 (base 6) in base 14?
-11
Convert -4 (base 8) to base 4.
-10
What is -2 (base 14) in base 12?
-2
36 (base 12) to base 3
1120
Convert 10 (base 14) to base 15.
e
What is -29 (base 14) in base 10?
-37
-2 (base 4) to base 11
-2
What is -142 (base 7) in base 11?
-72
Convert -3 (base 9) to base 4.
-3
3 (base 14) to base 13
3
2 (base 11) to base 4
2
What is -10 (base 3) in base 2?
-11
Convert -1 (base 12) to base 9.
-1
-43 (base 14) to base 6
-135
What is 11010100 (base 2) in base 11?
183
10110 (base 2) to base 3
211
What is 0 (base 13) in base 16?
0
What is 202 (base 4) in base 6?
54
2 (base 4) to base 16
2
What is 14 (base 14) in base 15?
13
1 (base 11) to base 8
1
Convert -8 (base 13) to base 14.
-8
Convert 0 (base 14) to base 15.
0
-2 (base 16) to base 3
-2
What is 18 (base 11) in base 14?
15
-10 (base 3) to base 10
-3
Convert 153 (base 6) to base 3.
2120
-10 (base 3) to base 7
-3
What is 166 (base 9) in base 7?
261
1204 (base 5) to base 12
12b
Convert 2 (base 9) to base 14.
2
Convert 11 (base 13) to base 9.
15
What is 44 (base 8) in base 5?
121
What is 1332 (base 6) in base 10?
344
What is 4 (base 10) in base 11?
4
What is d (base 14) in base 2?
1101
What is -10 (base 4) in base 2?
-100
Convert 10 (base 14) to base 11.
13
What is -8 (base 14) in base 13?
-8
What is -423 (base 7) in base 3?
-21220
Convert 1 (base 13) to base 16.
1
9 (base 12) to base 9
10
Convert -a (base 14) to base 6.
-14
Convert 6 (base 8) to base 2.
110
What is -20 (base 14) in base 16?
-1c
1 (base 10) to base 8
1
2 (base 5) to base 3
2
Convert -2014 (base 5) to base 6.
-1111
Convert 2 (base 12) to base 15.
2
Convert 0 (base 12) to base 5.
0
Convert 12 (base 9) to base 3.
102
-2 (base 9) to base 14
-2
-43 (base 5) to base 3
-212
Convert -a (base 15) to base 5.
-20
Convert -140 (base 5) to base 8.
-55
What is -10 (base 2) in base 8?
-2
Convert 1 (base 14) to base 9.
1
Convert -28 (base 9) to base 12.
-22
-101 (base 3) to base 7
-13
-8 (base 15) to base 9
-8
1 (base 4) to base 11
1
What is 15a (base 14) in base 12?
1b0
What is -310 (base 8) in base 6?
-532
What is -24 (base 12) in base 5?
-103
Convert -27 (base 14) to base 4.
-203
Convert -45 (base 8) to base 3.
-1101
What is 16 (base 13) in base 9?
21
1110101 (base 2) to base 8
165
Convert 0 (base 4) to base 9.
0
What is 21 (base 11) in base 6?
35
What is -a0 (base 15) in base 9?
-176
Convert -4 (base 5) to base 15.
-4
What is 1333 (base 6) in base 3?
110210
Convert 141 (base 16) to base 10.
321
What is 7 (base 11) in base 9?
7
What is 101 (base 4) in base 14?
13
-144 (base 9) to base 5
-441
Convert 143 (base 14) to base 6.
1103
Convert -5 (base 11) to base 16.
-5
Convert -10 (base 12) to base 8.
-14
What is -41 (base 10) in base 11?
-38
What is 3 (base 5) in base 6?
3
Convert -1 (base 16) to base 11.
-1
What is -126 (base 7) in base 8?
-105
Convert 6c (base 14) to base 2.
1100000
What is 1 (base 12) in base 8?
1
243 (base 7) to base 8
201
15 (base 15) to base 2
10100
11 (base 2) to base 14
3
4 (base 13) to base 14
4
Convert 5 (base 15) to base 7.
5
-11 (base 3) to base 2
-100
Convert -19 (base 15) to base 6.
-40
-33 (base 4) to base 10
-15
-53 (base 11) to base 3
-2011
Convert 4 (base 11) to base 9.
4
Convert 10110 (base 2) to base 9.
24
0 (base 5) to base 15
0
Convert -420 (base 5) to base 11.
-a0
What is -10100001 (base 2) in base 14?
-b7
100 (base 2) to base 11
4
What is 141 (base 5) in base 3?
1201
108 (base 11) to base 16
81
Convert 16 (base 14) to base 3.
202
317 (base 10) to base 8
475
Convert -20 (base 4) to base 3.
-22
What is 1101 (base 2) in base 9?
14
Convert 3 (base 8) to base 3.
10
What is 23 (base 8) in base 6?
31
What is 6 (base 11) in base 13?
6
1 (base 8) to base 16
1
What is -3 (base 8) in base 10?
-3
-6 (base 15) to base 7
-6
Convert c (base 16) to base 2.
1100
What is 11 (base 3) in base 5?
4
What is 5 (base 9) in base 5?
10
67 (base 11) to base 15
4d
Convert 1 (base 10) to base 15.
1
-5c (base 15) to base 10
-87
Convert 313 (base 7) to base 15.
a7
-43 (base 12) to base 15
-36
1 (base 10) to base 12
1
What is 246 (base 12) in base 10?
342
d (base 16) to base 11
12
-14 (base 11) to base 12
-13
1 (base 15) to base 9
1
Convert -ba (base 14) to base 2.
-10100100
What is -11001 (base 2) in base 9?
-27
Convert -1 (base 3) to base 14.
-1
What is 42 (base 5) in base 13?
19
Convert -e0 (base 15) to base 8.
-322
-1233 (base 6) to base 7
-621
1112 (base 3) to base 10
41
2113 (base 4) to base 8
227
-1014 (base 5) to base 9
-158
What is 276 (base 9) in base 6?
1023
What is -7 (base 10) in base 13?
-7
What is -1a (base 11) in base 8?
-25
-2002 (base 3) to base 8
-70
Convert 27 (base 13) to base 5.
113
What is 2 (base 12) in base 8?
2
Convert -3d (base 14) to base 15.
-3a
4 (base 6) to base 7
4
What is -64 (base 15) in base 7?
-163
What is -23 (base 7) in base 4?
-101
Convert 2 (base 11) to base 6.
2
What is 3 